 = 4*v + 1086, v - 803 = -l. Suppose 10*s - l = 2*s. List the prime factors of s.
101
Suppose 110 = -13*s + 3*s. Let q(u) = -u**2 - 14*u - 26. Let d be q(s). Suppose -d*c - 50 = -9*c. List the prime factors of c.
5
Let q be -2 + 4 + (-8 - (0 + -10)). Let w(a) = 159*a - 8. What are the prime factors of w(q)?
2, 157
Suppose 4*j - 8*j = 0. Suppose 3*f + 5*f + 592 = j. What are the prime factors of (1 + f)/(7 + -8)?
73
Suppose 5*k = m + 1719 - 21675, 0 = -3*k + 21. List the prime factors of m.
19991
Let c(h) be the third derivative of h**4/8 + 272*h**3/3 - 175*h**2. What are the prime factors of c(0)?
2, 17
Let s be (7 + (-1379 - 3))*-1. Let q = -919 + s. What are the prime factors of q?
2, 3, 19
Let x = 37069 - -30383. What are the prime factors of x?
2, 3, 7, 11, 73
List the prime factors of (-932)/(-1) - (-6 - -9).
929
What are the prime factors of ((-460)/368)/(1/(-5116)) - 8?
3, 2129
Suppose -x - 4*z - 2 = 0, -6*x - 3*z + 41 = -x. List the prime factors of (391 + 0)*(-5)/x*-6.
3, 17, 23
List the prime factors of 14772*(-14 - 308/(-21)).
2, 1231
Let j = -15574 + 40834. What are the prime factors of j?
2, 3, 5, 421
Suppose 2346*t + 4*g - 33296 = 2342*t, 2*t - 5*g = 16627. List the prime factors of t.
53, 157
Suppose -133*v = -228*v + 5473045. What are the prime factors of v?
53, 1087
What are the prime factors of (-346 - 3)*205*(30/(-25))/3?
2, 41, 349
Suppose 3*q + 12 = 0, -5*b + 3*q + 325 = -2*q. Let g = 68 - b. Suppose g*d = d + 294. What are the prime factors of d?
7
Let y = -9 - -9. Let s(d) = -11*d + 86. What are the prime factors of s(y)?
2, 43
Let a be (-66 + 50)*(-1)/4. Suppose a*u - 18 = 34. What are the prime factors of u?
13
Let w(m) = -m**3 - 75*m**2 - 38*m - 1589. List the prime factors of w(-85).
19, 3889
Suppose 5*h - 12*h - 49 = 0. Let b be h + (6 + -1)*(-4)/(-20). List the prime factors of (-30)/45 + (-1792)/b.
2, 149
Suppose -4*b = -3*r + 9067 - 56729, -3*r + b = 47677. What are the prime factors of r/(-36)*(2 - -4)/3?
883
Suppose 0 = 6*z - 15*z + 36. Suppose -432 = -z*o + 500. What are the prime factors of o?
233
Let f(q) = 12489*q - 6335. List the prime factors of f(6).
181, 379
Suppose -3892 = -14864*m + 14850*m. What are the prime factors of m?
2, 139
Let w(p) = 29964*p**2 + 11*p + 4. List the prime factors of w(1).
3, 3331
Let q(o) = o**3 - 2*o**2 + 4*o - 12. Let s be q(7). Suppose 549*y = 550*y - s. What are the prime factors of y?
3, 29
Suppose -8*x - 15 = -11*x. Suppose -16 = 5*a + 4, -x*n = 5*a + 60. Let i = n + 31. What are the prime factors of i?
23
Suppose -2*z + 5*i = 3, -3*i = -z + 4*z + 57. Let h = 191 + z. Suppose -2*j - 171 = -f, 2*f - 2*j - h = 155. What are the prime factors of f?
7, 23
Suppose 46*w + 178*w + 22*w = 1769478. List the prime factors of w.
7193
List the prime factors of 63/(-7) + 4751 + 14.
2, 29, 41
Let w(i) = -i**3 - 16*i**2 - 80*i - 30. Let q be 0 - (-2)/(-5)*40. What are the prime factors of w(q)?
2, 5
Let b(j) = 2*j**3 + 2*j**2 + 2*j - 1. Let s(k) = -k**3 - k + 1. Let x(m) = -b(m) - 5*s(m). Suppose -68*p = -77*p + 27. What are the prime factors of x(p)?
2, 17
Let s(h) = h + 36. Let x be s(9). Let l = x - 65. List the prime factors of (l/(-2))/((-3)/(-24)).
2, 5
Let a(s) = 249*s + 870. What are the prime factors of a(10)?
2, 3, 5, 7
Suppose 3*c + 3*x - 21 = 0, 0 = -c + 5*x - 4 - 19. Let g be (-4)/3*(-231)/c. Suppose -302 = -2*w + 2*o, -4*o - g = -3*w + 2*w. What are the prime factors of w?
2, 3, 5
Let g = 25507 + -11489. What are the prime factors of g?
2, 43, 163
Let y = -331 + -1057. List the prime factors of (6 + y/(-8))*2.
359
Let b = -14 - -24. Let j(w) = w**2 - 7*w - 13. Let m be j(b). Suppose 13*r = m*r - 424. What are the prime factors of r?
2, 53
Let f(i) = -i**3 + 24*i**2 - 2*i - 164. List the prime factors of f(15).
1831
Let w(u) = 3*u**2 + 2*u**2 - 23 - 6*u**2 + 2*u + 49*u - 2*u. What are the prime factors of w(30)?
547
Suppose -x + 4*u + 192 = 0, 0 = -3*x - 3*u + 501 + 30. Suppose x = -f - f. Let b = -57 - f. List the prime factors of b.
3, 11
Suppose j + 14*b - 9*b + 69 = 0, -4*j - 3*b - 361 = 0. Let n = j + 312. What are the prime factors of n?
2, 109
Let g = 24417 - 12609. List the prime factors of g.
2, 3, 41
Let z = 75044 - 5091. List the prime factors of z.
13, 5381
Let z = 626 + -230. What are the prime factors of (-28)/6*z/(-8)?
3, 7, 11
Suppose 31*v - 315 = -14*v. Suppose 4*l + 3*n - 5679 = 0, v*l + 3*n = 8*l - 1401. What are the prime factors of l?
2, 3, 59
Let i(z) = 26*z**2 - z. Let l(s) = 2*s**2 - 4*s + 1. Let w be l(2). Let u be i(w). Suppose u*q - 77 = 24*q. List the prime factors of q.
7, 11
Let g be 14094/8 + 4/16. Suppose 1688 + g = 6*m. What are the prime factors of m?
5, 23
Suppose 3*v = 561 + 132. Let m = v - -278. What are the prime factors of m?
509
Let g = -3982 - -5678. List the prime factors of g.
2, 53
Let t(z) be the first derivative of -z**2 + z + 3. Let c be t(-1). Suppose -c*l + 0*l = -192. What are the prime factors of l?
2
Suppose 0 = 16*p - 17*p + 490. Let a = p + 675. List the prime factors of a.
5, 233
Suppose 0 = -5*k - 592 + 47. Let m = -111 - k. What are the prime factors of (m + -3)*(-13 + -5) + -2?
2, 11
Let t = 16 + -13. Suppose o - t*j = -2*j + 8, 4*o = -2*j + 2. List the prime factors of (o + 72 + 4)*1.
79
Let j = 1301 + -1301. Let y = 312 - 82. Suppose j = 2*c - n - 95, -3*n = -5*c + n + y. What are the prime factors of c?
2, 5
Let s = 190 - 186. Suppose l - s*l + 264 = 0. List the prime factors of l.
2, 11
Suppose 0*u - 16468 = u + 4*q, -82310 = 5*u + 5*q. List the prime factors of 12/(-78) + u/(-13).
2, 3, 211
Let k = 8699 + -8315. List the prime factors of k.
2, 3
Let c be (3/(-2))/((-282)/4888). What are the prime factors of (209 - 5)/(3/c)?
2, 13, 17
Let p be 0/(-2)*-1*1. Let u(c) = -6*c + 304. Let j be u(p). What are the prime factors of ((-9)/(-6))/(3/j)?
2, 19
Suppose 10*r - 33632 - 41868 + 17760 = 0. List the prime factors of r.
2, 2887
Let s = 5309 - 2296. What are the prime factors of s?
23, 131
Let m(p) = -p**3 - 10*p**2 + p + 23. Let r be m(-10). Suppose 17 = 5*z - r. Suppose -z*d = 4*d - 1030. List the prime factors of d.
103
Let f = 105 + -45. Let v be (1520/f)/((-3)/(54/(-4))). Suppose 4*l - 52 = -i + v, 0 = -2*i + 3*l + 299. What are the prime factors of i?
2, 7, 11
Let p(l) be the third derivative of 8*l**5/15 - 7*l**4/8 + 8*l**3 + l**2 - 20*l. List the prime factors of p(5).
743
Let b(i) = -22739*i - 4781. List the prime factors of b(-3).
2, 15859
Let y = -2625 + 7210. What are the prime factors of y?
5, 7, 131
What are the prime factors of (-36)/6 + (-183 + 6)/((-3)/470)?
2, 29, 239
Suppose 4*s = 13 - 45. Let k(g) = -2*g**3 - 12*g**2 - 2*g + 3. List the prime factors of k(s).
5, 11
Let q be (-10 - (3 + -11))*3394/(-4). Suppose -9 - 6 = -5*x, 0 = 5*m + 4*x - q. List the prime factors of m.
337
Let k = -150 - -152. Let t(v) be the first derivative of 2*v**3/3 + 9*v**2/2 - 13*v + 3. What are the prime factors of t(k)?
13
Let n(x) = x**3 + 84*x**2 - 31*x - 805. What are the prime factors of n(-79)?
107, 307
Let p(q) = q**3 + 11*q**2 - 6*q - 24. Let z(s) = -s**2 - 6*s - 4. Let o be z(-3). Let n = o - 16. What are the prime factors of p(n)?
2, 3, 7
Let w = -336 - -2968. List the prime factors of w.
2, 7, 47
Let s(p) = -2*p**3 - 2*p**2 + 1. Let j be s(-2). Suppose 11*f = j*f - 32. What are the prime factors of (4 + (-51)/6)*f?
2, 3
What are the prime factors of 1 - -7103 - (-3 + 12 + -15)?
2, 3, 5, 79
Suppose 0 = -7*q + 5*q - 14. Let x be (q + 4)/((-4)/4). List the prime factors of 42/28*170/x.
5, 17
Let b(p) = 10*p**2 + 163*p + 793. What are the prime factors of b(-74)?
3, 7, 19, 109
Suppose 0 = -5*g - 2*z + 95094, 13*g = 131*z - 126*z + 247275. List the prime factors of g.
2, 3, 5, 317
Let r(x) = -x**3 + 9*x**2 - 2*x + 22. Let d be r(9). Suppose 8 = 2*m + d. Suppose -95 = -0*s - 3*s - m*c, 0 = 2*s - 4*c - 74. What are the prime factors of s?
3, 11
Suppose 448925 = 38766*v - 38741*v. List the prime factors of v.
17957
Let l = -43 - -73. Let g = l - 36. List the prime factors of (-74)/(-4) + (-9)/g.
2, 5
Let z(j) = -66*j**3 - 2*j**2 + 3. Let p(d) = -d**3 - 2*d**2 + 17*d + 8. Let m be p(-5). List the prime factors of z(m).
523
Let n(m) = 11*m**3 + 176*m**2 + 23*m - 102. What are the prime factors of n(9)?
2, 3, 5, 3